4)?
985
Let z(d) = -2*d**3 + 18*d**2 + 276*d - 786. Calculate z(16).
46
Let x(o) = -12*o**2 + 102*o + 1084. Determine x(26).
-4376
Let d(u) = -553*u + 47627. What is d(86)?
69
Let w(f) = 53051*f - 1591497. What is w(30)?
33
Let o(q) = q**2 + 243*q - 3115. Give o(12).
-55
Let l(p) = -p**2 + 102*p + 33593. Give l(-139).
94
Let y(m) = m**3 - 49*m**2 + 372*m - 445. Give y(40).
35
Let b(t) = -6145*t + 12306. What is b(2)?
16
Let j(t) = 126*t - 10327. Calculate j(81).
-121
Let u(k) = -2832*k**2 - 101959*k - 243. Give u(-36).
9
Let z(i) = -17*i**2 + 69675*i + 558485. What is z(-8)?
-3
Let a(l) = -3545*l + 77660. Determine a(22).
-330
Let r(f) = 19*f**3 + 435*f**2 - 2361*f - 53229. Give r(-23).
16
Let d(m) = -m**3 - 20*m**2 - 66*m - 92. What is d(-16)?
-60
Let a(k) = -22*k**3 - 1062*k**2 + 3377*k + 8. What is a(3)?
-13
Let z(s) = 2*s**2 - 40*s + 182. What is z(24)?
374
Let n(q) = 65*q - 5477. Give n(83).
-82
Let m(d) = -1665*d - 1652. Determine m(-1).
13
Let i(y) = -7*y**3 - 110*y**2 + 264*y + 4114. Determine i(-17).
2227
Let b(m) = -1400*m - 9444. Give b(-7).
356
Let l(h) = -113*h**2 + 5622*h. Calculate l(50).
-1400
Let s(d) = d**3 + 22*d**2 - 160*d - 691. Determine s(-27).
-16
Let n(w) = -69*w**2 + 38*w - 44. Calculate n(6).
-2300
Let o(k) = 9013*k - 459647. Give o(51).
16
Let v(x) = -129470*x - 906277. What is v(-7)?
13
Let m(g) = 2*g**2 + 4137*g - 177295. What is m(42)?
-13
Let n(v) = -17*v**2 - 278597*v + 278594. Calculate n(1).
-20
Let q(k) = -k**3 - 6*k**2 - 2912*k - 11602. What is q(-4)?
14
Let k(w) = 1114*w**2 - 11130*w - 84. Give k(10).
16
Let a(h) = 512*h - 98882. Give a(193).
-66
Let n(t) = -t**3 + 18*t**2 - 103*t + 206. Calculate n(7).
24
Let q(l) = -12*l**3 + 116*l**2 + 167*l + 80. Determine q(11).
-19
Let v(k) = -520*k + 74265. Give v(142).
425
Let l(v) = -75051*v + 225218. Give l(3).
65
Let w(t) = 9791*t**3 + 127284*t**2 + 8*t - 30. What is w(-13)?
35
Let k(b) = -3*b**2 + 681*b - 27819. Calculate k(53).
-153
Let s(b) = b**3 + 167*b**2 + 184*b + 3010. Determine s(-166).
22
Let l(s) = 1949*s + 317722. Determine l(-163).
35
Let o(b) = -126*b**2 + 1489*b + 8449. Determine o(16).
17
Let a(v) = -2*v**3 - 252*v**2 - 1473*v - 222. Determine a(-6).
-24
Let x(u) = -15142*u - 2952683. Calculate x(-195).
7
Let i(f) = -f**3 + 73*f**2 + 2706*f - 519. What is i(100)?
81
Let u(n) = n**3 + 16*n**2 + 16. What is u(-17)?
-273
Let g(c) = -9269*c + 370665. Give g(40).
-95
Let i(s) = -2712*s + 78560. Determine i(29).
-88
Let i(q) = -47344*q + 12498817. Give i(264).
1
Let t(w) = -5*w**2 + 290*w - 3010. Give t(52).
-1450
Let k(w) = 80486*w + 1690260. Give k(-21).
54
Let w(f) = f**3 - 18*f**2 + 533*f - 9438. Calculate w(18).
156
Let q(d) = -3*d**3 - 58*d**2 + 358*d + 2416. What is q(-23)?
1
Let o(l) = 5*l**2 + 156*l - 2440. Calculate o(13).
433
Let t(r) = 1129*r + 22576. Determine t(-20).
-4
Let c(x) = -35*x**2 + 2026*x + 332. Calculate c(58).
100
Let l(x) = -25*x**3 + 1491*x**2 - 940*x - 246. Calculate l(59).
-10
Let j(z) = -1313*z + 14540. What is j(11)?
97
Let o(t) = -t**3 + 228*t**2 + 945*t - 3368. Determine o(232).
576
Let l(v) = 2*v**2 + 588*v + 2927. Determine l(-5).
37
Let k(b) = -498*b + 24054. What is k(49)?
-348
Let j(v) = 2*v**3 + 74*v**2 + 652*v + 30. What is j(-23)?
-154
Let c(k) = -21063*k - 4317923. What is c(-205)?
-8
Let s(x) = -2*x**3 + 3*x**2 - 686*x - 1374. What is s(-2)?
26
Let o(i) = -7139*i + 1791900. Calculate o(251).
11
Let n(k) = 13266*k + 26533. What is n(-2)?
1
Let i(p) = -81*p**2 + 334*p - 71. Give i(5).
-426
Let q(i) = -11*i**3 - 5*i**2 - 9*i - 77. Calculate q(-4).
583
Let t(m) = -5762*m - 40456. Calculate t(-7).
-122
Let t(r) = -8*r**3 + 16*r**2 + 487*r - 128. Determine t(-7).
-9
Let n(m) = -4*m**2 + 58*m + 56. Calculate n(15).
26
Let h(t) = t**2 + 2109*t + 302872. Calculate h(-155).
2
Let u(t) = -85*t**2 + 267*t + 275. Determine u(-1).
-77
Let n(a) = -a**2 - 1241*a - 18418. What is n(-15)?
-28
Let y(b) = 5*b**2 + 2739*b - 27817. Give y(10).
73
Let b(j) = 138*j**2 - 288*j - 23. Determine b(-5).
4867
Let n(y) = 7*y**2 + 515*y + 9436. Determine n(-38).
-26
Let i(x) = -x**3 + 249*x**2 - 737*x - 5. Give i(3).
-2
Let j(i) = i**3 - 34*i**2 + 756*i - 10345. What is j(21)?
-202
Let i(y) = 122*y**2 + 17691*y + 285. Give i(-145).
140
Let v(l) = 194563*l + 12841164. Calculate v(-66).
6
Let f(o) = o**3 - 9*o**2 + 94*o - 824. What is f(13)?
1074
Let o(t) = -t**3 + 262*t**2 - 14861*t + 562. Calculate o(179).
-154
Let d(l) = -l**2 + 28*l + 1736. Give d(49).
707
Let x(d) = 929*d - 6784. What is x(9)?
1577
Let d(s) = 15824*s - 8196820. Determine d(518).
12
Let a(h) = 11296*h + 33881. Determine a(-3).
-7
Let z(p) = 181*p + 1443. Determine z(-8).
-5
Let j(i) = -i**3 - 10*i**2 + 2136*i + 4297. Determine j(-2).
-7
Let y(d) = 156*d**2 + 321*d + 26. Calculate y(-3).
467
Let d(r) = r**3 + 56*r**2 + 168*r + 2140. What is d(-54)?
-1100
Let n(k) = -k**2 - 45*k - 426. Calculate n(-24).
78
Let s(d) = -35*d**2 - 129*d + 3005. Give s(-11).
189
Let k(f) = -101668*f**2 + 813345*f - 10. What is k(8)?
-2
Let v(r) = -r**3 + 141*r**2 - 1089*r + 74102. Calculate v(137).
-15
Let w(h) = -116*h - 5047. Calculate w(-46).
289
Let j(a) = 3*a**3 - 39*a**2 - 51*a + 131. What is j(14)?
5
Let f(m) = m**3 + 280*m**2 - 844*m + 1411. Determine f(-283).
-4
Let n(r) = r**3 - 145*r**2 - 591*r + 2531. Calculate n(149).
3276
Let w(f) = f**2 + 522*f - 460409. Give w(466).
-1
Let i(o) = 3*o**2 + 93602*o - 374429. Determine i(4).
27
Let x(r) = r**2 + 123*r + 3762. Determine x(-73).
112
Let d(v) = -v**3 - 29*v**2 - 15*v - 120. Calculate d(-14).
-2850
Let h(j) = -77*j**3 + j**2 - 30*j + 1. Determine h(0).
1
Let g(i) = -55*i + 13090. Calculate g(240).
-110
Let x(s) = 3*s**2 + 35*s - 267. Give x(8).
205
Let a(f) = 6*f**3 - 36*f**2 + 154*f + 33. Calculate a(4).
457
Let d(i) = 4*i**3 - 24*i**2 - 65*i + 555. Calculate d(8).
547
Let i(u) = -450*u - 59391. Calculate i(-132).
9
Let v(a) = 3*a**2 - 310*a + 4287. Determine v(17).
-116
Let j(v) = -v**2 - 263*v + 108. Give j(0).
108
Let m(u) = -u**3 + 28*u**2 - 2168*u + 42444. Determine m(21).
3
Let x(w) = -11*w**3 + 89*w**2 - 3*w - 101. Determine x(8).
-61
Let a(j) = -37225*j - 1935704. Give a(-52).
-4
Let d(c) = 5*c**3 + 845*c**2 + 22*c + 3732. Give d(-169).
14
Let u(b) = 17*b**2 + 1195*b - 16771. Calculate u(12).
17
Let v(i) = -350*i**2 - 6*i - 56. What is v(-2)?
-1444
Let j(v) = 62*v**3 - 89*v**2 - 19*v + 7. What is j(2)?
109
Let y(p) = 470906*p - 6592676. Determine y(14).
8
Let q(j) = -2*j**3 - 275*j**2 + 1659*j + 356. What is q(6)?
-22
Let l(t) = 2*t**2 - 1144*t + 16694. Calculate l(15).
-16
Let a(h) = 3094*h - 10935. Determine a(3).
-1653
Let k(l) = -20*l**3 - 191*l**2 - 46*l - 647. Determine k(-10).
713
Let l(r) = 11357*r - 6575. What is l(1)?
4782
Let y(w) = w**3 - 669*w**2 + 1327*w + 4687. Determine y(667).
18
Let h(a) = -3*a**2 - 183*a - 3248. What is h(-47)?
-1274
Let n(v) = -v**3 - 29*v**2 + 909*v - 253. What is n(-48)?
-109
Let s(y) = -y**2 + 337*y - 22231. Give s(249).
-319
Let t(o) = -o**2 + 3814*o + 407477. Calculate t(-104).
5
Let x(l) = -3*l**2 - 336*l - 706. Determine x(-107).
899
Let q(h) = h**2 + 970*h + 3863. What is q(-4)?
-1
Let y(b) = 882*b - 923. What is y(1)?
-41
Let a(o) = o**3 + 88*o**2 - 4631*o + 249. Calculate a(37).
27
Let f(q) = 8*q**3 + 528*q**2 - 15*q - 1003. Determine f(-66).
-13
Let h(m) = m**2 + 846*m + 35842. Determine h(-42).
2074
Let h(a) = -8279*a + 331037. Calculate h(40).
-123
Let f(g) = 122*g - 577. Give f(6).
155
Let l(g) = -2*g**2 - 3072*g + 24720. Calculate l(8).
16
Let o(z) = 194*z**2 - 1200*z + 51. Give o(6).
-165
Let f(z) = 54*z**2 - 3306*z + 668. What is f(61)?
-64
Let k(u) = -u**2 + 1242*u + 14984. Give k(-12).
-64
Let u(m) = m**3 - 39*m**2 + 17*m + 142. Give u(39).
805
Let c(m) = -48*m - 1453. Give c(-31).
35
Let v(a) = 1656*a + 250682. Give v(-151).
626
Let w(b) = b**3 + 40*b**2 - 1108*b + 3385. Give w(16).
-7
Let r(u) = 767*u - 25367. Calculate r(33).
-56
Let c(x) = 1678*x + 18329. Give c(-11).
-129
Let f(k) = 25875*k + 388112. What is f(-15)?
-13
Let o(d) = -d**3 + d**2 + 882*d - 4433. Calculate o(5).
-123
Let d(g) = -g**2 + 163774*g + 982681. Give d(-6).
1
Let j(p) = -240*p**2 - 1636*p - 1053. Determine j(-6).
123
Let r(q) = q**3 + 21*q**2 - 8790*q - 159181. Calculate r(-18).
11
Let y(j)